{"id":320441,"date":"2025-09-02T12:57:49","date_gmt":"2025-09-02T12:57:49","guid":{"rendered":"https:\/\/mincavi.com\/boutique\/?post_type=product&#038;p=320441"},"modified":"2026-05-05T15:19:20","modified_gmt":"2026-05-05T15:19:20","slug":"biscuits-carottes-et-raisins","status":"publish","type":"product","link":"https:\/\/mincavi.com\/boutique\/produit\/biscuits-carottes-et-raisins\/","title":{"rendered":"Biscuits carottes et raisins"},"content":{"rendered":"<p>Nos d\u00e9licieux biscuits carotte et raisins sont de retour. Un d\u00e9licieux biscuit frais et gouteux pour une collation ou un dessert pour satisfaire notre petit go\u00fbt de sucr\u00e9.<\/p>\n<p>Format sachets de 2 biscuits (2 x 40g)<\/p>\n","protected":false},"excerpt":{"rendered":"<p>Sachet de 2 biscuits de 40 g<br \/>\nBiscuit avec une saveur rafraichissante d&rsquo;orange parsem\u00e9 de d\u00e9licieuses canneberges. Le biscuit parfait pour un petit desserts ou collation l\u00e9g\u00e8rement sucr\u00e9.<\/p>\n","protected":false},"featured_media":320442,"template":"","meta":{"_et_pb_use_builder":"","_et_pb_old_content":"","_et_gb_content_width":""},"product_brand":[],"product_cat":[23,17],"product_tag":[],"class_list":{"0":"post-320441","1":"product","2":"type-product","3":"status-publish","4":"has-post-thumbnail","6":"product_cat-biscuits","7":"product_cat-desserts-et-collations","9":"first","10":"instock","11":"sale","12":"purchasable","13":"product-type-simple"},"_links":{"self":[{"href":"https:\/\/mincavi.com\/boutique\/wp-json\/wp\/v2\/product\/320441","targetHints":{"allow":["GET"]}}],"collection":[{"href":"https:\/\/mincavi.com\/boutique\/wp-json\/wp\/v2\/product"}],"about":[{"href":"https:\/\/mincavi.com\/boutique\/wp-json\/wp\/v2\/types\/product"}],"wp:featuredmedia":[{"embeddable":true,"href":"https:\/\/mincavi.com\/boutique\/wp-json\/wp\/v2\/media\/320442"}],"wp:attachment":[{"href":"https:\/\/mincavi.com\/boutique\/wp-json\/wp\/v2\/media?parent=320441"}],"wp:term":[{"taxonomy":"product_brand","embeddable":true,"href":"https:\/\/mincavi.com\/boutique\/wp-json\/wp\/v2\/product_brand?post=320441"},{"taxonomy":"product_cat","embeddable":true,"href":"https:\/\/mincavi.com\/boutique\/wp-json\/wp\/v2\/product_cat?post=320441"},{"taxonomy":"product_tag","embeddable":true,"href":"https:\/\/mincavi.com\/boutique\/wp-json\/wp\/v2\/product_tag?post=320441"}],"curies":[{"name":"wp","href":"https:\/\/api.w.org\/{rel}","templated":true}]}}