{"id":314,"date":"2025-03-05T20:35:11","date_gmt":"2025-03-05T20:35:11","guid":{"rendered":"https:\/\/mincavi.com\/?post_type=product&#038;p=314"},"modified":"2026-03-14T13:55:53","modified_gmt":"2026-03-14T13:55:53","slug":"pate-au-poulet","status":"publish","type":"product","link":"https:\/\/mincavi.com\/boutique\/produit\/pate-au-poulet\/","title":{"rendered":"P\u00e2t\u00e9 au poulet"},"content":{"rendered":"<p>Format : 350 g<br \/>\nProduit congel\u00e9<\/p>\n<p>Ce p\u00e2t\u00e9 offre une g\u00e9n\u00e9reuse portion de poulet et l\u00e9gumes en sauce recouverte d\u2019une cro\u00fbte bien feuillet\u00e9e.<br \/>\nFait de viande blanche seulement et sans gras trans!<\/p>\n","protected":false},"excerpt":{"rendered":"<p>Ce p\u00e2t\u00e9 offre une g\u00e9n\u00e9reuse portion de poulet et l\u00e9gumes en sauce recouverte d\u2019une cro\u00fbte bien feuillet\u00e9e.<br \/>\nFait de viande blanche seulement et sans gras trans!<\/p>\n","protected":false},"featured_media":320843,"template":"","meta":{"_et_pb_use_builder":"","_et_pb_old_content":"","_et_gb_content_width":""},"product_brand":[],"product_cat":[24,27],"product_tag":[],"class_list":{"0":"post-314","1":"product","2":"type-product","3":"status-publish","4":"has-post-thumbnail","6":"product_cat-plats-cuisines","7":"product_cat-poulet","9":"first","10":"outofstock","11":"purchasable","12":"product-type-simple"},"_links":{"self":[{"href":"https:\/\/mincavi.com\/boutique\/wp-json\/wp\/v2\/product\/314","targetHints":{"allow":["GET"]}}],"collection":[{"href":"https:\/\/mincavi.com\/boutique\/wp-json\/wp\/v2\/product"}],"about":[{"href":"https:\/\/mincavi.com\/boutique\/wp-json\/wp\/v2\/types\/product"}],"wp:featuredmedia":[{"embeddable":true,"href":"https:\/\/mincavi.com\/boutique\/wp-json\/wp\/v2\/media\/320843"}],"wp:attachment":[{"href":"https:\/\/mincavi.com\/boutique\/wp-json\/wp\/v2\/media?parent=314"}],"wp:term":[{"taxonomy":"product_brand","embeddable":true,"href":"https:\/\/mincavi.com\/boutique\/wp-json\/wp\/v2\/product_brand?post=314"},{"taxonomy":"product_cat","embeddable":true,"href":"https:\/\/mincavi.com\/boutique\/wp-json\/wp\/v2\/product_cat?post=314"},{"taxonomy":"product_tag","embeddable":true,"href":"https:\/\/mincavi.com\/boutique\/wp-json\/wp\/v2\/product_tag?post=314"}],"curies":[{"name":"wp","href":"https:\/\/api.w.org\/{rel}","templated":true}]}}