{"id":313,"date":"2025-03-05T20:35:11","date_gmt":"2025-03-05T20:35:11","guid":{"rendered":"https:\/\/mincavi.com\/?post_type=product&#038;p=313"},"modified":"2026-05-05T15:41:00","modified_gmt":"2026-05-05T15:41:00","slug":"macaroni-gratine-sauce-a-la-viande","status":"publish","type":"product","link":"https:\/\/mincavi.com\/boutique\/produit\/macaroni-gratine-sauce-a-la-viande\/","title":{"rendered":"Macaroni gratin\u00e9 sauce \u00e0 la viande"},"content":{"rendered":"<p>Format : 350 g<\/p>\n<p>Un plat g\u00e9n\u00e9reux de macaronis \u00e0 la viande r\u00e9chauffant le coeur et comblant l&rsquo;app\u00e9tit.\u00a0 Essayez ce plat classique offrant une exp\u00e9rience gourmande en chaque bouch\u00e9e.<br \/>\nCe produit figure parmi les meilleurs vendeurs Min\u00e7avi. Faites-en l&rsquo;essai et vous serez charm\u00e9 par son gratin aux 5 fromages qui lui donne une touche unique.<br \/>\nPour les petits et les grands.<\/p>\n<p>&nbsp;<\/p>\n","protected":false},"excerpt":{"rendered":"<p>Un plat g\u00e9n\u00e9reux de macaronis \u00e0 la viande r\u00e9chauffant le coeur et comblant l&rsquo;app\u00e9tit. Ce produit figure parmi les meilleurs vendeurs Min\u00e7avi. Faites-en l&rsquo;essai et vous serez charm\u00e9 par son gratin aux 5 fromages qui lui donne une touche unique.<\/p>\n","protected":false},"featured_media":320,"template":"","meta":{"_et_pb_use_builder":"","_et_pb_old_content":"","_et_gb_content_width":""},"product_brand":[],"product_cat":[29,24,25],"product_tag":[],"class_list":{"0":"post-313","1":"product","2":"type-product","3":"status-publish","4":"has-post-thumbnail","6":"product_cat-pates","7":"product_cat-plats-cuisines","8":"product_cat-viande","10":"first","11":"instock","12":"sale","13":"purchasable","14":"product-type-simple"},"_links":{"self":[{"href":"https:\/\/mincavi.com\/boutique\/wp-json\/wp\/v2\/product\/313","targetHints":{"allow":["GET"]}}],"collection":[{"href":"https:\/\/mincavi.com\/boutique\/wp-json\/wp\/v2\/product"}],"about":[{"href":"https:\/\/mincavi.com\/boutique\/wp-json\/wp\/v2\/types\/product"}],"wp:featuredmedia":[{"embeddable":true,"href":"https:\/\/mincavi.com\/boutique\/wp-json\/wp\/v2\/media\/320"}],"wp:attachment":[{"href":"https:\/\/mincavi.com\/boutique\/wp-json\/wp\/v2\/media?parent=313"}],"wp:term":[{"taxonomy":"product_brand","embeddable":true,"href":"https:\/\/mincavi.com\/boutique\/wp-json\/wp\/v2\/product_brand?post=313"},{"taxonomy":"product_cat","embeddable":true,"href":"https:\/\/mincavi.com\/boutique\/wp-json\/wp\/v2\/product_cat?post=313"},{"taxonomy":"product_tag","embeddable":true,"href":"https:\/\/mincavi.com\/boutique\/wp-json\/wp\/v2\/product_tag?post=313"}],"curies":[{"name":"wp","href":"https:\/\/api.w.org\/{rel}","templated":true}]}}